inder when 3 is divided by c.
0
Let g = -9325 + 9374. What is the remainder when 1816 is divided by g?
3
Suppose -2*h - 11 = -69. Let d be 1/(30/9 - 3). Suppose -h = -4*o + d. Calculate the remainder when 23 is divided by o.
7
Suppose 96*q + 43*q = 115968 + 137846. Calculate the remainder when q is divided by 605.
11
Let m be 4 - 11/(66/(-36)). Let q(x) = 20*x - 22. What is the remainder when q(m) is divided by 46?
40
Let n = -218 - -248. Suppose n*c - 38*c = -40. What is the remainder when 23 is divided by c?
3
Let y = 74 - -84. Let b = -1827 - -1859. What is the remainder when y is divided by b?
30
Let w(o) = -5*o**2 - 3*o - 2. Let z(y) = -y**3 + 3*y**2 - 3*y + 7. Let u be z(3). Let b be w(u). What is the remainder when ((-68)/b)/(2/16) is divided by 9?
7
Calculate the remainder when -436*(-1)/4*23 is divided by 12.
11
Suppose -6*w + 2*w = 4*y - 168, 3*y + 30 = w. Let f = 40 + -15. Let o = f - 11. Calculate the remainder when w is divided by o.
11
Suppose -t + 60 = t. Suppose 38*k + 267816 = 269868. What is the remainder when k is divided by t?
24
Suppose 0 = k - 2 - 3. Calculate the remainder when (4/18 - (-197)/1773)/((-1)/(-573)) is divided by k.
1
Let x = 11253 + -2373. Calculate the remainder when x is divided by 47.
44
Let c = 7231 + -7146. Let f(k) = k**3 - 2*k**2 - 11*k - 3. Calculate the remainder when f(7) is divided by c.
80
Suppose 146*o - 59*o - 435 = 0. What is the remainder when 1198 is divided by o?
3
Suppose -17*q + 9*q + 5536 = 0. Suppose -5*p - 9 = -4, 2*p = 5*m - q. What is the remainder when m is divided by 48?
42
Let x(r) = 3*r - 3. Let h be x(-3). Let p(z) be the second derivative of z**4/12 + 11*z**3/6 + 10*z**2 + 16*z. What is the remainder when p(h) is divided by 17?
15
Suppose -327 - 228 = -15*c. Calculate the remainder when c is divided by 828/42 + -4 + 60/14.
17
Suppose -b + 23 - 44 = -39. Let z(r) = 6*r**2 - 3*r - 6. Calculate the remainder when z(-3) is divided by b.
3
Suppose 323*f - 244*f - 2844 = 0. Calculate the remainder when 284 is divided by f.
32
Calculate the remainder when 723 is divided by -9*(-3)/378*2534.
180
Let z = -225 + 228. Suppose 0 = -3*u - d + 1171, -z*d + 381 = u + 2*d. Calculate the remainder when u is divided by 99.
94
Suppose 5*q - 60 = 5*o, q - 6 + 21 = -2*o. Calculate the remainder when 10 is divided by o*2/(-72)*4.
0
Let l = -20305 + 21758. Calculate the remainder when l is divided by 1445.
8
Let l(b) = b**2 + 7*b + 8. Let j be l(-8). Let c(m) = m**3 - 17*m**2 - m + 24. What is the remainder when (-15)/(-120) + 494/j + 1 is divided by c(17)?
4
Suppose i - 4 = -4*k, -4*k - 3 = 3*i - 7. Suppose -4*t + k - 9 = 0. What is the remainder when 49 - (t - 1)/3 is divided by 26?
24
Suppose -44 = -4*f - 5*n, 3*n + 2 = 4*f - 10. Suppose w - m = 2, 2*w + 4*m + 15 = -11. What is the remainder when (w/9)/(2/(-6))*17 is divided by f?
5
Let h(s) = -34*s + 119. Suppose -5*x + 374 = 49. What is the remainder when x is divided by h(3)?
14
Let q = 14 - -32. Let o = -56 + 71. Suppose 14*c + 12 = o*c. Calculate the remainder when q is divided by c.
10
Suppose -3*j = -20*h + 25*h - 8318, 18*j - 3*h - 49974 = 0. What is the remainder when j is divided by 58?
50
Suppose 8*m - 2413 + 181 = -0*m. What is the remainder when m is divided by 35?
34
Let g(i) = i**3 + 28*i**2 - 5*i - 74. Suppose u = -m + 33, 2*m = 2*u + 14 - 68. Calculate the remainder when g(-28) is divided by u.
6
Let z(j) = -j**3 + 18*j**2 - 4*j + 43. Let r be z(18). Let y = -13 + 23. Calculate the remainder when -13 + 18/3 - r is divided by y.
2
Let h = 2708 - 2703. Calculate the remainder when 126 is divided by h.
1
Let y(n) = 39*n + 765. What is the remainder when 144 is divided by y(-18)?
18
Suppose 3*d = 3*y - 8 - 1, 3*d - 12 = -4*y. Let g be 10/(y/1 + -2). What is the remainder when 138 is divided by 1/(g/175)*2?
33
Let q = -21907 - -23804. What is the remainder when q is divided by 628?
13
Let q = 38 + -41. Let h(b) = 8*b**2 - 17*b - 45. What is the remainder when h(q) is divided by (-260)/(-91)*14/4?
8
Let d be 6/4*1/(2/8). Suppose -d*o + 28 = -74. Calculate the remainder when o is divided by 1 + 0/2 + 6.
3
Suppose -s + 4*s - 15 = 0. Suppose -2*p + s*x - 51 = 0, -5*p - 5*x - 14 = -2*p. Let h = p - -56. What is the remainder when 85 is divided by h?
42
Let i = 598 - 1049. Let k = i + 458. Let z(s) = s**2 - 2*s + 1. What is the remainder when k is divided by z(3)?
3
Let g(r) = r**3 + 5*r**2 - 15*r + 13. Let u be g(-7). Calculate the remainder when (-2)/(u/(-3)) + 69153/890 is divided by 41.
37
Suppose 3*q - 703 = c, 1173 = 5*q + 2*c - 4*c. Calculate the remainder when q is divided by 58.
1
Let h(k) = k**2 + 5*k + 41. Suppose 4*s - 211 = -227. What is the remainder when 51 is divided by h(s)?
14
Suppose -5*h + 7 - 2 = 0. Suppose h = -5*y + 16. Suppose 0 = y*r - 7*r + 52. What is the remainder when 37 is divided by r?
11
Let k = -191 - -181. Let l = k - -118. Calculate the remainder when l is divided by 29.
21
Let o = 3323 - 3307. Calculate the remainder when 1165 is divided by o.
13
Suppose 4183 - 3358 = 72*f - 48999. Calculate the remainder when f is divided by 9.
8
Calculate the remainder when 3*-10*14/105 - -126 is divided by 51.
20
Suppose -5*k + 5*x = -k - 545, 3*x - 9 = 0. Suppose -2*p = -k - 128. What is the remainder when p is divided by (-4 - (-44)/(-4))*-1?
14
Suppose -4*z - 3*f = -z - 141, f = -4*z + 179. Let o = z - 42. Suppose -6 = -o*r + l + 67, -3*r + 93 = 4*l. What is the remainder when r is divided by 13?
9
Calculate the remainder when -2*(-8412)/48*(6 - (0 - 2)) is divided by 558.
14
Suppose -4*w + 177 = -0*w + 5*t, 0 = -5*w + 5*t + 165. Suppose 0 = -261*g + 22*g - 0*g + 33938. Calculate the remainder when g is divided by w.
28
Let h be -7*6/(-21) + 1*4. Suppose 449 + 649 = h*b. What is the remainder when b is divided by 23?
22
Let r = -413 + 480. Suppose -480 = 52*h - r*h. Calculate the remainder when h is divided by 4.
0
Let i = 401 - 194. Let f(o) = -1796*o - 122093. What is the remainder when i is divided by f(-68)?
32
Let t = 2515 - 2269. What is the remainder when t is divided by 238?
8
Suppose 591 + 303 = 3*t. Suppose -t = -0*h - 2*h. Let z(a) = 6*a**3 + 2*a**2 - 4*a + 3. What is the remainder when h is divided by z(2)?
47
Let k(c) = c**2 - 29*c + 44. Let j be k(14). Let f = -265 - j. Let n = f + 131. What is the remainder when 123 is divided by n?
27
Suppose 5*b + 2*c - 7 = 0, 0 = 4*b - 4*c - 16 - 12. Suppose p - 624 = -b*p + 2*t, 2*p + t = 308. What is the remainder when p is divided by 79?
76
Let k(t) = -t**3 + 97*t**2 + 5*t - 238. Calculate the remainder when 25440 is divided by k(97).
246
Let u = -20188 + 21203. Calculate the remainder when u is divided by 94.
75
Calculate the remainder when 6 - -1365 - 8*15/40 is divided by 106.
96
Let b = 998 + -957. What is the remainder when 531 is divided by b?
39
Calculate the remainder when (-3 + 5)*3/2 + 7 + 225 is divided by 129.
106
Let t = -2281 + 2362. Calculate the remainder when t is divided by 13.
3
Suppose 19 + 6 = 5*n. Suppose k = -l + 150, -3*l + n*k + 340 + 142 = 0. Calculate the remainder when l is divided by -4*((-2)/20 - 8109/1060).
30
Let b = 418 + -418. Suppose -15*r + 30 + 150 = b. Let s(z) = z. What is the remainder when r is divided by s(5)?
2
Suppose 0 = -2*f - 5*w + 18, -183*w + 180*w = 2*f - 30. Calculate the remainder when 83 is divided by f.
11
Let a(q) = 85*q - 14. Let w = -385 - -387. What is the remainder when a(w) is divided by 32?
28
Suppose 4*j - 8*j = -20, 4*j = -3*s - 52. What is the remainder when ((-4132)/10)/(-2) + s/(-60) is divided by 42?
39
Let o(q) = 279*q - 183. What is the remainder when 292 is divided by o(1)?
4
Let z(a) = -104*a**2 + 3*a. Let v be z(-1). Let u = v + 245. What is the remainder when u is divided by 35?
33
Suppose 10*c + 594 = 32*c. Suppose 6*y + 357 = c*y. What is the remainder when 713 is divided by y?
16
Suppose -3*l - 5*i + 5445 - 772 = 0, -6248 = -4*l + 2*i. Suppose r - 89 = 3. Calculate the remainder when l is divided by r.
89
Suppose 8370 = 106*u + 164*u. Let n = -9 - -13. What is the remainder when u is divided by n?
3
Let q(r) = -r - 2. What is the remainder when 120/200 + 1/(10/274) is divided by q(-28)?
2
Let r = 12 - -24. Let u(a) = -a**3 + a. Let s(b) = 5*b**3 - 11*b**2 - 15*b - 25. Let x(m) = -s(